{"id":176,"date":"2021-02-24T15:23:38","date_gmt":"2021-02-24T14:23:38","guid":{"rendered":"http:\/\/floratop.pl\/?page_id=176"},"modified":"2021-02-24T15:42:52","modified_gmt":"2021-02-24T14:42:52","slug":"trawa-pampasowa-cortaderia-selloana-pink","status":"publish","type":"page","link":"https:\/\/floratop.pl\/?page_id=176&lang=en","title":{"rendered":"Trawa pampasowa (CORTADERIA SELLOANA PINK)"},"content":{"rendered":"\t\t<div data-elementor-type=\"wp-page\" data-elementor-id=\"176\" class=\"elementor elementor-176\" data-elementor-post-type=\"page\">\n\t\t\t\t\t\t<section class=\"elementor-section elementor-top-section elementor-element elementor-element-1303cd2 elementor-section-boxed elementor-section-height-default elementor-section-height-default\" data-id=\"1303cd2\" data-element_type=\"section\" data-e-type=\"section\">\n\t\t\t\t\t\t<div class=\"elementor-container elementor-column-gap-default\">\n\t\t\t\t\t<div class=\"elementor-column elementor-col-66 elementor-top-column elementor-element elementor-element-0203d76\" data-id=\"0203d76\" data-element_type=\"column\" data-e-type=\"column\">\n\t\t\t<div class=\"elementor-widget-wrap elementor-element-populated\">\n\t\t\t\t\t\t<div class=\"elementor-element elementor-element-33e6d77 elementor-widget elementor-widget-text-editor\" data-id=\"33e6d77\" data-element_type=\"widget\" data-e-type=\"widget\" data-widget_type=\"text-editor.default\">\n\t\t\t\t<div class=\"elementor-widget-container\">\n\t\t\t\t\t\t\t\t\t<p><strong>Jest to ro\u015blina wieloletnia. Jej wysoko\u015b\u0107 dochodzi nawet do 2 m.!!! Niepowtarzalne kwiatostany s\u0105 trwa\u0142e przez d\u0142ugi czas w ogrodzie po czym mo\u017cna je wykorzysta\u0107 do suchych kompozycji.<\/strong><\/p><p>T<span style=\"color: #3366ff;\">rawa pampasowa najpi\u0119kniej wyg\u0105lda posadzona w grupie na trawniku, rabacie lub obok oczka wodnego.<\/span><\/p><p>Ro\u015blina ta wymaga gleby pr\u00f3chnicznej i przepuszczalnej. Warunkiem dobrego przezimowania ro\u015blin w gruncie jest okrycie min. 20cm warstw\u0105 li\u015bci lub s\u0142omy i dobry drena\u017c stanowiska, na kt\u00f3rym jest posadzona. Gatunek ten nie lubi nadmiaru wody w okresie zimowego spoczynku. Latem zaleca si\u0119 obfite podlewanie i cz\u0119ste zasilanie.Mrozoodporno\u015b\u0107 od 6B.<\/p><p>Obok pogl\u0105dowe zdj\u0119cie sprzedawanych na tej aukcji ro\u015blin wykonane w lipcu. Wysoko\u015b\u0107 sadzonek mo\u017ce si\u0119 waha\u0107 od 10-20cm, mog\u0105 tak\u017ce by\u0107 przyci\u0119te na wysoko\u015bci 20cm.<\/p><p>Produkcj\u0119 i sprzeda\u017c tej ro\u015bliny prowadzimy ca\u0142y rok, jednak do wysy\u0142ki konieczna jest minimalna temp.nocna 0 stopni C.W przypadku ni\u017cszej temperatury jeste\u015bmy zmuszeni do przesuni\u0119cia terminu wysy\u0142ki -za co z g\u00f3ry przepraszamy.<\/p><p>W okresie zimowo-wiosennym gdy temperatura nocna na trasie przewozu przesy\u0142ki spada poni\u017cej 0 st. C jeste\u015bmy zmuszeni prze\u0142o\u017cy\u0107 termin wysy\u0142ki na pierwszy mo\u017cliwy o sprzyjaj\u0105cych warunkach termicznych.<\/p>\t\t\t\t\t\t\t\t<\/div>\n\t\t\t\t<\/div>\n\t\t\t\t\t<\/div>\n\t\t<\/div>\n\t\t\t\t<div class=\"elementor-column elementor-col-33 elementor-top-column elementor-element elementor-element-585c8d0\" data-id=\"585c8d0\" data-element_type=\"column\" data-e-type=\"column\">\n\t\t\t<div class=\"elementor-widget-wrap elementor-element-populated\">\n\t\t\t\t\t\t<div class=\"elementor-element elementor-element-3535758 elementor-widget elementor-widget-image\" data-id=\"3535758\" data-element_type=\"widget\" data-e-type=\"widget\" data-widget_type=\"image.default\">\n\t\t\t\t<div class=\"elementor-widget-container\">\n\t\t\t\t\t\t\t\t\t\t\t\t\t\t\t\t<a href=\"https:\/\/floratop.pl\/wp-content\/uploads\/2021\/02\/trawa_pamp.jpg\">\n\t\t\t\t\t\t\t<img fetchpriority=\"high\" decoding=\"async\" width=\"640\" height=\"440\" src=\"https:\/\/floratop.pl\/wp-content\/uploads\/2021\/02\/trawa_pamp.jpg\" class=\"attachment-large size-large wp-image-177\" alt=\"\" srcset=\"https:\/\/floratop.pl\/wp-content\/uploads\/2021\/02\/trawa_pamp.jpg 664w, https:\/\/floratop.pl\/wp-content\/uploads\/2021\/02\/trawa_pamp-600x412.jpg 600w, https:\/\/floratop.pl\/wp-content\/uploads\/2021\/02\/trawa_pamp-64x44.jpg 64w, https:\/\/floratop.pl\/wp-content\/uploads\/2021\/02\/trawa_pamp-300x206.jpg 300w\" sizes=\"(max-width: 640px) 100vw, 640px\" \/>\t\t\t\t\t\t\t\t<\/a>\n\t\t\t\t\t\t\t\t\t\t\t\t\t\t\t<\/div>\n\t\t\t\t<\/div>\n\t\t\t\t\t<\/div>\n\t\t<\/div>\n\t\t\t\t\t<\/div>\n\t\t<\/section>\n\t\t\t\t<section class=\"elementor-section elementor-top-section elementor-element elementor-element-1dea9ec elementor-section-boxed elementor-section-height-default elementor-section-height-default\" data-id=\"1dea9ec\" data-element_type=\"section\" data-e-type=\"section\">\n\t\t\t\t\t\t<div class=\"elementor-container elementor-column-gap-default\">\n\t\t\t\t\t<div class=\"elementor-column elementor-col-100 elementor-top-column elementor-element elementor-element-451a8b4\" data-id=\"451a8b4\" data-element_type=\"column\" data-e-type=\"column\">\n\t\t\t<div class=\"elementor-widget-wrap elementor-element-populated\">\n\t\t\t\t\t\t<div class=\"elementor-element elementor-element-1026296 elementor-widget elementor-widget-image\" data-id=\"1026296\" data-element_type=\"widget\" data-e-type=\"widget\" data-widget_type=\"image.default\">\n\t\t\t\t<div class=\"elementor-widget-container\">\n\t\t\t\t\t\t\t\t\t\t\t\t\t\t\t<img fetchpriority=\"high\" decoding=\"async\" width=\"640\" height=\"440\" src=\"https:\/\/floratop.pl\/wp-content\/uploads\/2021\/02\/trawa_pamp.jpg\" class=\"attachment-large size-large wp-image-177\" alt=\"\" srcset=\"https:\/\/floratop.pl\/wp-content\/uploads\/2021\/02\/trawa_pamp.jpg 664w, https:\/\/floratop.pl\/wp-content\/uploads\/2021\/02\/trawa_pamp-600x412.jpg 600w, https:\/\/floratop.pl\/wp-content\/uploads\/2021\/02\/trawa_pamp-64x44.jpg 64w, https:\/\/floratop.pl\/wp-content\/uploads\/2021\/02\/trawa_pamp-300x206.jpg 300w\" sizes=\"(max-width: 640px) 100vw, 640px\" \/>\t\t\t\t\t\t\t\t\t\t\t\t\t\t\t<\/div>\n\t\t\t\t<\/div>\n\t\t\t\t\t<\/div>\n\t\t<\/div>\n\t\t\t\t\t<\/div>\n\t\t<\/section>\n\t\t\t\t<\/div>\n\t\t","protected":false},"excerpt":{"rendered":"<p>Jest to ro\u015blina wieloletnia. Jej wysoko\u015b\u0107 dochodzi nawet do 2 m.!!! Niepowtarzalne kwiatostany s\u0105 trwa\u0142e przez d\u0142ugi czas w ogrodzie po czym mo\u017cna je wykorzysta\u0107 [&hellip;]<\/p>\n","protected":false},"author":1,"featured_media":0,"parent":0,"menu_order":0,"comment_status":"closed","ping_status":"closed","template":"elementor_header_footer","meta":{"footnotes":""},"class_list":["post-176","page","type-page","status-publish","hentry"],"_links":{"self":[{"href":"https:\/\/floratop.pl\/index.php?rest_route=\/wp\/v2\/pages\/176","targetHints":{"allow":["GET"]}}],"collection":[{"href":"https:\/\/floratop.pl\/index.php?rest_route=\/wp\/v2\/pages"}],"about":[{"href":"https:\/\/floratop.pl\/index.php?rest_route=\/wp\/v2\/types\/page"}],"author":[{"embeddable":true,"href":"https:\/\/floratop.pl\/index.php?rest_route=\/wp\/v2\/users\/1"}],"replies":[{"embeddable":true,"href":"https:\/\/floratop.pl\/index.php?rest_route=%2Fwp%2Fv2%2Fcomments&post=176"}],"version-history":[{"count":10,"href":"https:\/\/floratop.pl\/index.php?rest_route=\/wp\/v2\/pages\/176\/revisions"}],"predecessor-version":[{"id":188,"href":"https:\/\/floratop.pl\/index.php?rest_route=\/wp\/v2\/pages\/176\/revisions\/188"}],"wp:attachment":[{"href":"https:\/\/floratop.pl\/index.php?rest_route=%2Fwp%2Fv2%2Fmedia&parent=176"}],"curies":[{"name":"wp","href":"https:\/\/api.w.org\/{rel}","templated":true}]}}